12, -q + 0*q = 3*k - 12. Let y(c) = -c**3 + c + 18. Calculate y(q).
18
Let p(w) = 2*w**3 + 15*w**2 - 4*w - w - w - 2*w + 3. Suppose -525*t - 62*t - 79*t = 5328. What is p(t)?
3
Let u(h) = 21*h - 3. Let j be (-5 + (-50)/(-10))*((-10)/(-4) + -2). Determine u(j).
-3
Let p(z) be the third derivative of z**6/120 - z**5/10 - z**4/3 + 17*z**3/3 - 3*z**2 + 257*z. What is p(6)?
-14
Suppose 24 = 3*g + 5*d, 3*g + 38*d - 36*d = 42. Let f(h) = -h**3 + 19*h**2 - 16*h - 36. Give f(g).
0
Let t(n) = -n**2 - 4*n + 10. Let p = 27 + -33. Let x be t(p). Let k be 3 + x - (4 - 3). Let q(c) = c**2 + c - 7. What is q(k)?
-7
Let k(j) be the second derivative of j**6/120 + 7*j**5/60 + j**4/6 - j**3/6 - 25*j**2 - 154*j. Let a(w) be the first derivative of k(w). What is a(-4)?
31
Let n(j) = 5*j**2 - 350*j - 103. Let r(o) = -o**2 + 58*o + 17. Let v(m) = -3*n(m) - 17*r(m). What is v(-32)?
20
Let m(r) = -r**3 - r**2 - 10. Let y(j) = 18*j - 65. Let c be y(0). Let v = -88 - -153. Let k = c + v. Give m(k).
-10
Let v(p) be the first derivative of p**5/15 + p**4/24 - 22*p**3/3 + 45. Let d(j) be the third derivative of v(j). Give d(-1).
-7
Suppose 5*v = -5*y + 350, -4*y = -2*v - 334 + 42. Suppose 0 = y*i - 81*i - 54. Let r(u) = 2*u**2 + 8*u + 7. Determine r(i).
31
Let t be (-11 - -12)*(-54)/6. Let g(d) = d**2 - d - 1. Determine g(t).
89
Let y(n) = 3*n + 7 - 6*n + 9*n. Let r(z) = -19*z - 20. Let i(x) = 6*r(x) + 17*y(x). Let c be ((-40)/(-28) + -2)/(2/7). Give i(c).
23
Let f(i) = -11*i + 89. Let q be (-2 - (-48)/5) + (-50)/(-125). Give f(q).
1
Let x(u) = -3*u**2 - 10*u**2 + u + 20 + 14*u**2 - 6*u - 26. Give x(-4).
30
Let z(w) be the second derivative of -w**4/12 + 5*w**3/6 + w**2 + 4*w + 195. Suppose -5*a + 2 + 23 = 5*s, 4 = 4*a. Calculate z(s).
6
Let h(c) = c**3 + 3*c**2 - 11*c - 3. Let d(p) = 83*p + 991. Let r be d(-12). What is h(r)?
2
Suppose -4*j + 6*j - 24 = 0. Let f(q) = -q**2 + 16*q - 53. Let l be f(j). Let p(r) = -r**3 - 5*r**2 + 2*r + 7. Determine p(l).
-3
Let v(z) be the first derivative of -z**4/4 - 3*z**3 + 11*z**2/2 + 11*z - 1. Let d be ((-32)/(-72))/((-146)/3285). Give v(d).
1
Let o(u) = -u**2 + 9*u - 1. Let k(l) = 2*l**2 - 18*l + 2. Let h(b) = 3*k(b) + 5*o(b). Determine h(9).
1
Let n(k) = -24*k - 74. Let h = 13171 - 13174. Calculate n(h).
-2
Let z(q) = 2*q - 4*q - 7*q - 29 - 31 + 42. Give z(-2).
0
Let u(r) be the first derivative of -r**4/4 + 17*r**3/3 + 13*r**2/2 + 90*r - 112. Let b be u(18). Let l(v) = v**3 + v**2 + 10. Calculate l(b).
10
Let j(n) be the second derivative of -n**5/60 - n**3/2 + 135*n**2/2 + 31*n + 1. Let x(q) be the first derivative of j(q). Determine x(-4).
-19
Let a = -2576 - -2582. Let m(v) = 6*v + 6. Let k be m(6). Suppose 0*g + a*g = -k. Let j(l) = -l - 9. Give j(g).
-2
Let a(l) = -2*l**2 + 22*l + 31. Let y = -11211 + 11223. Determine a(y).
7
Suppose -3*v - 5*f = -23, 0 = 5*v - 2*v + f - 7. Let m(q) = 748*q + 748*q + 758*q - 2251*q + 1. Give m(v).
4
Let d(t) = t + 1. Let r = -56 - -92. Suppose 7*x - 6 = r. Let m be (2 - (-4)/x)*3*-1. Determine d(m).
-7
Let x(c) = -5*c**3 + 2*c**2 - 2. Let s(l) = -2*l**3 + l**2. Let u be ((-8)/(-32))/(5/40). Let y(k) = u*s(k) - x(k). Determine y(0).
2
Let h(j) = -j**2 - 10*j + 47. Suppose -781 + 935 = -11*o. Give h(o).
-9
Suppose -1668*s + 265*s + 13677 = -10174. Let c(x) be the first derivative of -x**3/3 + 8*x**2 + 17*x - 1. Calculate c(s).
0
Let m(s) = -4*s**2 + 11*s - 70. Let k(j) = -9*j**2 + 20*j - 141. Let d(o) = -3*k(o) + 7*m(o). Determine d(6).
-1
Let h(x) be the first derivative of 1/60*x**5 + 0*x**2 + 3/8*x**4 + 0*x + 31/3*x**3 - 23. Let z(i) be the third derivative of h(i). What is z(-7)?
-5
Let x(o) = -100*o + 7. Let g(w) = -148*w + 6. Let k(t) = -2*g(t) + 3*x(t). Determine k(7).
-19
Let g(v) = -11*v**3 - 4*v**2 - 9*v - 4. Let s(w) = 7*w**3 + 3*w**2 + 6*w + 3. Let k(h) = 5*g(h) + 8*s(h). Let l(t) = 5*t - 29. Let o be l(5). What is k(o)?
-8
Let x be (9 + (-201)/21)*-7. Let c = -13 + 15. Let l(i) = 2*i + i - c*i. Determine l(x).
4
Let q(m) = 234*m**2 - 8*m + 7. Let g be q(1). Let o(z) = -22*z**2 - 233*z + g*z - 2 + 1. Calculate o(-1).
-23
Let s(l) = -l**3 - 5*l**2 - 6. Suppose 124*v + 315 + 305 = 0. Determine s(v).
-6
Let t(n) = 16*n + 213. Let k(v) = 54*v + 708. Let y(s) = -10*k(s) + 33*t(s). Determine y(-5).
9
Let s = -56 - -55. Let f(l) = -l**3 + 9*l**2 - 8*l + 7. Let w be f(8). Let u(g) = 1 + w*g - 2*g - g. Give u(s).
-3
Let q(g) be the second derivative of 0 - 1/60*g**5 - 31*g + 0*g**4 - 1/3*g**3 - 2*g**2. Let r(d) be the first derivative of q(d). Give r(-4).
-18
Let j(x) be the first derivative of 21*x**2/2 - 35*x + 8893. What is j(8)?
133
Let j(q) be the second derivative of -6*q + 0*q**3 + 1/40*q**5 + 0 + 2/3*q**4 - 1/240*q**6 + 0*q**2. Let d(n) be the third derivative of j(n). Calculate d(2).
-3
Let i(y) = -y**3 - y + 7. Let q(a) = -10 - a + 9 + 0 - 2. Let l be q(-5). Suppose -7*p + l*p = 0. What is i(p)?
7
Let m(f) = -f**3 + 15*f**2 - 26*f + 21. Let b(v) = 5*v**3 - 77*v**2 + 133*v - 106. Let g(u) = 2*b(u) + 11*m(u). What is g(9)?
1
Let z be -17 - 2/(4 + 228/(-54)). Let x(n) = -n**2 - 7*n - 2. What is x(z)?
-10
Let c be (270/(-450))/(1/10). Let w(x) = x**2 + x + 12. Calculate w(c).
42
Let s be 12180/36 - 2/6. Suppose -6 = -s*c + 340*c. Let r(g) = -g**3 - 6*g**2 - 4*g - 1. Determine r(c).
-16
Suppose 3739*q - 3713*q = -52. Let k(g) = 3*g**2 + 7*g + 4. Calculate k(q).
2
Let y(k) = -k**3 - 4*k**2 + 3*k + 2. Suppose -216 = -6*u - 246. Calculate y(u).
12
Let d(i) = 9*i**2 - 17*i - 34. Let c(h) = -11*h**2 + 18*h + 35. Let q(o) = -5*c(o) - 6*d(o). Determine q(-8).
-3
Let b(p) be the third derivative of -p**5/60 - 3*p**4/8 - 4*p**3/3 - 777*p**2. Let r be (0 + 1)/((-2)/14). Give b(r).
6
Suppose -33 = -2*w + 5*u, 2*w = 3*w - u - 6. Let o(k) = 20*k + 9. Give o(w).
-11
Let z(s) = 3*s - 3. Let p(l) = 2*l - 3. Let y(v) = -5*p(v) + 6*z(v). Let m be y(1). Let o(u) = u**2 - 4*u + 5. Give o(m).
10
Let s(c) = 10*c - 80. Let d(t) = -60*t + 480. Let f(x) = 6*d(x) + 35*s(x). Calculate f(8).
0
Suppose 4*s - 32 = -0*s. Let v(y) = y**2 - 9*y + 16. Let g be v(s). Let w(a) = -3*a + 19. What is w(g)?
-5
Let d = 108 - 107. Let k(f) = 6*f + d - 7*f + 2*f - 6. Determine k(9).
4
Suppose -5*a = 2*u - 40, -a + 27 - 31 = -2*u. Let v(y) = 14*y - 36. Determine v(u).
34
Let b(s) = 3*s**2 + 5*s - 3. Let h = -16 + 8. Let g(o) = -5*o**2 - 8*o + 4. Suppose 35*f + 315 = -28*f. Let p(j) = f*g(j) + h*b(j). Calculate p(0).
4
Let g(p) = 16104*p - 32203*p + 16098*p. Suppose -4*d = -d. What is g(d)?
0
Let x(h) = 6*h - 58*h - 3*h**2 + 40*h - 6. What is x(-8)?
-102
Let x(k) be the second derivative of 3/2*k**2 - 1/6*k**3 + 0 + 55*k. What is x(-5)?
8
Let n(l) = -18*l - 1132. Let i be n(-63). Let q(c) = -8*c**3 - 2*c. What is q(i)?
-68
Let v(a) = -18*a + 187. Let w be v(6). Suppose 2*h + 81 = -3*d + w, 4 = -4*d - 3*h. Let g(c) = -2*c + 1. What is g(d)?
-3
Let y(x) = -5*x + 4*x + x + 2*x**2 - 4 - 5*x**3 + 2*x. Calculate y(1).
-5
Let a = -119447 - -119447. Let z(p) = p - 28. Let u(d) = -d + 29. Let c(x) = -2*u(x) - 3*z(x). Determine c(a).
26
Let k(i) = -3*i - 7. Let z(r) = -r**3 - 11*r**2 + 22*r - 56. Let g(a) = -6*k(a) + z(a). Calculate g(-14).
14
Let f(s) = -s**3 + 4*s**2 + 6*s + 2. Let z(q) = -q**3 + 7*q**2 + 27. Let r be z(8). Suppose 5*t = -207 - 3. Let k = r - t. Calculate f(k).
7
Let p(t) be the third derivative of -t**6/360 + t**5/60 - 2*t**4/3 - 27*t**2. Let m(s) be the second derivative of p(s). Let w = 19 - 24. Give m(w).
12
Let w(t) = -4*t - 5*t**2 + 10*t - 2 - t**3 - 3. Let b(y) be the second derivative of 9*y**3 - 192*y**2 - 3*y + 26. Let v be b(7). What is w(v)?
-5
Let f be 0/1*2/4. Suppose f = 13*v - 3*v. Let q(j) = -8*j**2 - 1 + 3 - 7*j - j**3 + v*j**2. Determine q(-7).
2
Let p be (-440)/(-28) + 3 - 12/(-42). Let y(d) = -9 + 7 + 13*d + 7 - p*d. What is y(4)?
-19
Let x = -52 + 76. Let q(z) = -2 - 23*z + x*z - 11. Give q(7).
-6
Let r(i) = i**2 + 5*i + 2. Suppose 0 = -5*p + v - 173, p + 2 = -v - 35. Let t = p + 35. Suppose t = -10*k - 38 - 12. Give r(k).
2
Let l(f) = 8*f**2 + 207*f + 96. Let p(h) = 2*h**2 + 37*h + 19. Let d(t) = 2*l(t) - 11*p(t). Give d(4).
-85
Let s be 72*18/1392 - 4/(-58). Let b(k) = k - 3. Give b(s).
-2
Let i(d) be the third derivative of d**5/120 - 7*d**4/24 - 25*d**3/6 - 91*d**2. Let c(a) be the first deri